957?
3
Calculate the remainder when 233432 is divided by 7278.
536
What is the remainder when 276867 is divided by 10238?
441
What is the remainder when 10744204 is divided by 565481?
65
Calculate the remainder when 287971 is divided by 731.
688
What is the remainder when 8153139 is divided by 6?
3
Calculate the remainder when 4869224 is divided by 1622861.
641
Calculate the remainder when 1165776 is divided by 4271.
4064
Calculate the remainder when 34787 is divided by 491.
417
Calculate the remainder when 255283 is divided by 63807.
55
What is the remainder when 2531283 is divided by 11351?
10
What is the remainder when 8609688 is divided by 673?
672
Calculate the remainder when 111685180 is divided by 3066.
3064
What is the remainder when 2196511 is divided by 75?
61
What is the remainder when 44728 is divided by 1285?
1038
What is the remainder when 2604858 is divided by 363?
333
What is the remainder when 460293 is divided by 2905?
1303
What is the remainder when 1235889 is divided by 2553?
237
What is the remainder when 763262 is divided by 95406?
14
What is the remainder when 52669531 is divided by 1653?
1645
What is the remainder when 27287474 is divided by 1547?
1488
Calculate the remainder when 4665763 is divided by 59817.
37
What is the remainder when 13205833 is divided by 880386?
43
Calculate the remainder when 285011 is divided by 1803.
137
Calculate the remainder when 5705406 is divided by 1492.
1490
Calculate the remainder when 882302618 is divided by 12370.
12368
Calculate the remainder when 257073 is divided by 5454.
735
What is the remainder when 5063411 is divided by 8700?
11
Calculate the remainder when 2169219 is divided by 465.
459
What is the remainder when 56609 is divided by 355?
164
Calculate the remainder when 18453305 is divided by 131.
121
What is the remainder when 1542169 is divided by 1341?
19
What is the remainder when 199968 is divided by 199904?
64
What is the remainder when 23301446 is divided by 3185?
3171
What is the remainder when 2234382 is divided by 768?
270
What is the remainder when 15958003 is divided by 839893?
36
What is the remainder when 427284 is divided by 1848?
396
Calculate the remainder when 3562526 is divided by 14365.
6
Calculate the remainder when 1714680 is divided by 80.
40
What is the remainder when 2581173 is divided by 860077?
942
Calculate the remainder when 77090340 is divided by 29.
17
What is the remainder when 39501 is divided by 7512?
1941
What is the remainder when 605050 is divided by 611?
160
Calculate the remainder when 121621835 is divided by 12370.
12365
What is the remainder when 219667 is divided by 109068?
1531
Calculate the remainder when 210218 is divided by 103767.
2684
What is the remainder when 2280178 is divided by 2418?
4
What is the remainder when 1017268 is divided by 101?
97
What is the remainder when 8308450 is divided by 34?
6
What is the remainder when 6666260 is divided by 13717?
13515
Calculate the remainder when 1304298 is divided by 68646.
24
Calculate the remainder when 2487086 is divided by 154.
140
Calculate the remainder when 159287 is divided by 1281.
443
What is the remainder when 17295144 is divided by 510?
24
Calculate the remainder when 268047 is divided by 1092.
507
What is the remainder when 1429567 is divided by 58?
41
What is the remainder when 19785 is divided by 15919?
3866
Calculate the remainder when 84033281 is divided by 28011092.
5
Calculate the remainder when 675316 is divided by 1680.
1636
Calculate the remainder when 108965351 is divided by 564.
551
What is the remainder when 16226294 is divided by 249?
209
Calculate the remainder when 14093 is divided by 13518.
575
What is the remainder when 1663899 is divided by 8994?
9
What is the remainder when 6277169 is divided by 1809?
1748
What is the remainder when 791344 is divided by 490?
484
Calculate the remainder when 11431 is divided by 768.
679
What is the remainder when 1118082 is divided by 139682?
626
What is the remainder when 3452422 is divided by 191795?
112
What is the remainder when 278020 is divided by 13238?
22
Calculate the remainder when 58850595 is divided by 3461799.
12
What is the remainder when 558072327 is divided by 374?
373
Calculate the remainder when 20529 is divided by 1353.
234
What is the remainder when 155746 is divided by 17293?
109
Calculate the remainder when 1943284 is divided by 42.
28
What is the remainder when 505976 is divided by 443?
70
Calculate the remainder when 7180471 is divided by 1152.
55
Calculate the remainder when 825104 is divided by 3445.
1749
What is the remainder when 160033 is divided by 2178?
1039
Calculate the remainder when 624972 is divided by 310268.
4436
What is the remainder when 266617346 is divided by 19?
17
Calculate the remainder when 27338 is divided by 4701.
3833
Calculate the remainder when 1317538 is divided by 10.
8
Calculate the remainder when 1333529 is divided by 125.
29
Calculate the remainder when 493778 is divided by 5741.
52
What is the remainder when 3169885 is divided by 6003?
301
Calculate the remainder when 3931110 is divided by 97.
88
What is the remainder when 49109 is divided by 1360?
149
Calculate the remainder when 357566 is divided by 4642.
132
Calculate the remainder when 551312 is divided by 7450.
12
What is the remainder when 10815923 is divided by 1776?
83
What is the remainder when 221078920 is divided by 59?
20
What is the remainder when 133531 is divided by 1703?
697
What is the remainder when 2678198 is divided by 24?
14
Calculate the remainder when 2337671 is divided by 58433.
351
Calculate the remainder when 1029264 is divided by 257278.
152
What is the remainder when 522004 is divided by 2030?
294
Calculate the remainder when 112037 is divided by 3533.
2514
Calculate the remainder when 125228972 is divided by 793.
791
What is the remainder when 411982 is divided by 27464?
22
Calculate the remainder when 42082 is divided by 41924.
158
What is the remainder when 23504 is divided by 23354?
150
What is the remainder when 715766 is divided by 357709?
348
Calculate the remainder when 1562835 is divided by 7933.
34
Calculate the remainder when 4108279 is divided by 6975.
4
What is the remainder when 3157625 is divided by 230?
185
What is the remainder when 33263421 is divided by 16631709?
3
What is the remainder when 65906494 is divided by 1100?
1094
What is the remainder when 61458 is divided by 35?
33
Calculate the remainder when 628240 is divided by 25127.
65
Calculate the remainder when 8666807 is divided by 836.
831
Calculate the remainder when 22042 is divided by 8009.
6024
Calculate the remainder when 8061016 is divided by 569.
562
What is the remainder when 5139908 is divided by 870?
818
What is the remainder when 23293479 is divided by 1225972?
11
What is the remainder when 4790032 is divided by 231?
16
Calculate the remainder when 4432553 is divided by 1108136.
9
Calculate the remainder when 896114 is divided by 1491.
23
Calculate the remainder when 96228 is divided by 23996.
244
Calculate the remainder when 6804817 is divided by 3402408.
1
What is the remainder when 12844865 is divided by 3211205?
45
What is the remainder when 4831466 is divided by 410?
26
What is the remainder when 239939 is divided by 18456?
11
Calculate the remainder when 15867619 is divided by 4009.
4006
Calculate the remainder when 647371 is divided by 408.
283
What is the remainder when 49256399 is divided by 122?
119
Calculate the remainder when 686306 is divided by 480.
386
Calculate the remainder when 2488393 is divided by 397.
394
What is the remainder when 1109992 is divided by 138746?
24
What is the remainder when 45528541 is divided by 50?
41
Calculate the remainder when 61456 is divided by 6762.
598
Calculate the remainder when 4268614 is divided by 100.
14
Calculate the remainder when 4786896 is divided by 19.
17
Calculate the remainder when 6860513 is divided by 175.
163
Calculate the remainder when 2034099 is divided by 30813.
441
What is the remainder when 8305437 is divided by 33?
30
Calculate the remainder when 671980 is divided by 223716.
832
What is the remainder when 652655 is divided by 213992?
10679
Calculate the remainder when 39412987 is divided by 5630423.
26
Calculate the remainder w